)?
9
Suppose -19 = -4*j + 5*i, -i + 2*i = 2*j - 5. Let l = 55 - j. What is the tens digit of l?
5
Suppose 3*j + 2*j + z - 2735 = 0, -4*z = 5*j - 2750. What is the tens digit of j?
4
Suppose 13*u - 17*u - 36 = 0. Let a(g) be the third derivative of g**6/120 + 2*g**5/15 - 5*g**4/12 - 7*g**3/6 + 2*g**2. What is the units digit of a(u)?
2
Let y(b) = 2*b**2 - 11*b - 10. Let c be y(6). Let n(k) = 8*k**2 - 3*k + 7. What is the units digit of n(c)?
7
Suppose -m = -3*w + 2, 0 = 2*w + 5*m - 1 - 23. What is the hundreds digit of (-2)/(28/(-3297)*3/w)?
1
Let p(j) = j**3 - 5*j + 7. Let n be (-31 - -1)/(-3)*10/25. What is the units digit of p(n)?
1
Let o(h) = 51*h - 224. What is the thousands digit of o(28)?
1
Let u(k) = 7*k**2 + 10*k + 10. Suppose 23 = -4*a - 1. Let r be u(a). Suppose -42 = -l - 2*h, -2*h + r = 3*l + 2*l. What is the units digit of l?
0
Let w be 1/(-10)*-1318 - 5/(-25). Let v = w - 25. What is the units digit of v?
7
Let j(s) = -s**3 + 17*s**2 - 18*s + 32. Let d be j(16). Suppose -28*f + 21*f + 882 = d. What is the hundreds digit of f?
1
Suppose -2*c + 90 = -46. Suppose c = 3*f - 25. Suppose -89 = -3*s - 2*y, y + f - 191 = -5*s. What is the tens digit of s?
3
Let r(a) = 5*a**2 + 26*a + 66. What is the thousands digit of r(-22)?
1
Let y = -24 + 73. Suppose -11*f = -4*f - y. What is the units digit of f?
7
Let b(s) = -2*s**3 + 4*s**2 + 4*s + 20. What is the tens digit of b(-5)?
5
What is the hundreds digit of 25072/40 + -7 - 4/5?
6
Suppose 0 = 2*h + q - 3, -h + 5*q = 2*h - 24. Suppose -5*g + h = -32. Let y(n) = n**2 - 5*n - 10. What is the units digit of y(g)?
4
Let d = 2430 - 1094. What is the tens digit of d?
3
Let h be -1 - 68/(-11) - 2/11. Suppose v = 4*p + 110, 0 = -h*v + v + 2*p + 370. What is the tens digit of v?
9
Suppose -10107 = -5*q - 3*v, 9*v - 10105 = -5*q + 4*v. What is the units digit of q?
2
Let w = 1544 - 396. What is the units digit of w?
8
Suppose x - 5*j = -15, 5*x + 5*j - 37 - 38 = 0. Suppose -4*h - 130 = -9*h. Let d = h - x. What is the units digit of d?
6
Let h be 2 - (-3)/(12/(-8)). Suppose 0 = -k - 4*b + 1, h*k + 4*b = -2*k + 2. Suppose 2*f + k = 9. What is the units digit of f?
4
Suppose 0 = 3*r - r - 22. Let x = 7 - r. What is the units digit of (3 + 29/x)*-4?
7
Suppose 0 = c - 0*c - 2. Suppose -865 = -5*d - r - c*r, -3*r - 367 = -2*d. What is the units digit of d?
6
Let w = -50 + 55. Suppose 5*t + 18 = -5*a + 88, -w*t - a + 90 = 0. What is the tens digit of t?
1
What is the units digit of 22/55 + 13416/10?
2
Let p = 1912 + -95. What is the units digit of p?
7
Suppose -4*h - 43 = 7*z - 2*z, 0 = 2*z - h + 12. What is the units digit of (-202)/(-6) - z/(63/(-6))?
3
Let b = -940 + 1616. What is the hundreds digit of b?
6
Suppose 3*d = d + 8. Suppose b - 7 = -d*i - 23, 2*b + 2*i + 2 = 0. What is the units digit of b?
4
Suppose -c = 5 - 9. Suppose c*i = -i + 165. Suppose i = -4*n + 133. What is the units digit of n?
5
Suppose -2*y + 18 = y. Let q(g) = -g**2 + 11*g + 13. What is the units digit of q(y)?
3
Let q(n) = n**3 - 14*n**2 + 25*n - 6. Let h(u) = -u**3 - u**2 - u + 13. Let z be h(0). What is the tens digit of q(z)?
5
Let n = -3074 + 6778. What is the hundreds digit of n?
7
Suppose -9*h + 6*h = -1386. What is the tens digit of h?
6
Suppose 3*l = 9 + 15. Let o be (14/l)/((-2)/(-16)). Suppose 16*t = o*t + 6. What is the units digit of t?
3
Let f(o) = -2*o**3 - 5*o**2 - 2*o + 3. Let v be f(-3). Let r = v - -38. What is the units digit of r?
6
Let z be ((-1)/(-2))/(1/10). Suppose z*x = 3*l + 740, 0 = -x - x - 3*l + 275. What is the hundreds digit of x?
1
Suppose 2784 = -3*x + 15*x. What is the hundreds digit of x?
2
Suppose 0 = 126*s - 117*s - 4986. What is the tens digit of s?
5
Let r(t) be the first derivative of -t**4/12 - 3*t**3 - 17*t**2/2 + 2*t + 10. Let i(u) be the first derivative of r(u). What is the units digit of i(-14)?
9
Let q(v) be the second derivative of -v**3/6 - 5*v**2 + 2*v. Let g be q(-9). What is the units digit of -5*-1*6 - g?
1
Suppose 35 + 10 = -5*b. What is the tens digit of (b/(-3))/(6/26)?
1
Let n(r) = 2132*r - 7. What is the hundreds digit of n(1)?
1
Let f(a) = -1790*a + 62. What is the units digit of f(-1)?
2
Let o = 62 + -61. Let f(w) = -w**2 - w + 4. Let j be f(4). Let v = o - j. What is the units digit of v?
7
Suppose 103*l - 78 = 101*l. Suppose j + l = 181. What is the hundreds digit of j?
1
Let y(p) = p**2 + 4*p - 13. Let a be y(-5). Let t(b) = -13*b - 27. What is the units digit of t(a)?
7
Let j(c) = 8*c + 2. Let m = -22 - -12. Let l(f) = f**3 + 11*f**2 + 9*f - 6. Let n be l(m). What is the units digit of j(n)?
4
Let p(g) = -5*g - 6. Let c be p(-15). Suppose -3*j - c = -6*j. What is the tens digit of j?
2
Suppose -2*p = -m - 4, -3*m + 6*m + 5*p - 21 = 0. Suppose -5*g + 20 = -5, 3*g = m*j - 257. What is the tens digit of j?
3
Let c = -1 - -10. Let k(o) = o**3 - 8*o**2 + 4*o - 20. What is the units digit of k(c)?
7
Suppose 0 = 40*x - 99*x + 100005. What is the thousands digit of x?
1
Let v(u) = u**2 - 19. Let p be 220/(-18) + (-1 - 22/(-18)). What is the hundreds digit of v(p)?
1
Let x = -83 - -181. Suppose -335 = 5*k - 3*z, k + 5*z = 2*k + 45. Let f = x + k. What is the tens digit of f?
2
Let p be (4 + -2)*(66/4 + -2). Suppose -2*t + 9 = -p. What is the tens digit of t?
1
Suppose -5*q = -25, 3*s = 6*q - 8*q + 1969. What is the units digit of s?
3
Let f = -11 - -13. Let a be 14/7 - (f + -4). Suppose -3*q = a*q - 343. What is the tens digit of q?
4
Let u(k) = 4 + 2*k - k**2 + 4 - 2 + 0. Let l be u(4). What is the units digit of ((-51)/l)/((-12)/(-24))?
1
Let t(q) = -2*q**3 + 23*q**2 + 11*q + 7. What is the hundreds digit of t(11)?
2
Suppose 3*x + o = -2*x, 0 = -5*o. Suppose -k = x, -k - 12 = -3*g - 6*k. What is the units digit of 3 + 3 + 0/g?
6
Let y be -1 + 40/32 + 6/8. What is the units digit of y/2 - 3971/(-38)?
5
Let v(f) be the second derivative of 7*f**4/6 - f**3/6 - f**2 + 11*f. What is the units digit of v(-1)?
3
Let l = 1 + 7. Suppose 7*f = 3*f + l. Suppose 2*z + f*z = 228. What is the tens digit of z?
5
Let s(v) = 28*v - 13. Let r be s(-3). Let a = r - -147. What is the units digit of a?
0
Suppose -4*s = 4*x - 3*s - 671, -675 = -4*x + 3*s. What is the tens digit of x/9*36/16?
4
Let z(i) = 5*i**2 + 7*i - 5. Let r be z(5). Suppose -w + 3*t + 113 = 38, t + r = 2*w. What is the units digit of w?
8
Let y(p) = p**3 + 12*p**2 + 12*p + 1. Let t be y(-11). What is the units digit of 2 + ((-12)/21)/(t/35)?
4
Let y(g) = g**3 + g**2 + g + 2. Let z be y(-2). Let n(p) = 4*p**2 + 2*p + 10. What is the units digit of n(z)?
6
Let g = 40 + -40. Suppose g = -3*a - 3*p + 372, 0 = -0*a + 2*a - 5*p - 234. What is the hundreds digit of a?
1
Let z(c) = -c**3 - c**2 + 15*c + 4390. What is the hundreds digit of z(0)?
3
Let v = -2701 + 3827. What is the units digit of v?
6
Suppose r = -2*r + 5*n + 159, -3*r + 135 = 3*n. Let f = -277 - -249. Let l = r + f. What is the tens digit of l?
2
Let j be ((-1)/2)/((-1)/6). Suppose -136 = 36*y - 38*y. Suppose 0 = -3*t + 7*t + j*f - y, 0 = -3*t - f + 51. What is the tens digit of t?
1
Suppose 5*k = 6*x - x + 595, 0 = -2*k + 3*x + 243. What is the units digit of k?
4
Let m(o) = 59*o - 148. What is the units digit of m(18)?
4
Suppose -9198 = -7*r - 11*r. What is the tens digit of r?
1
Let y(a) = -2*a + 9. Let t be y(3). Suppose -2*k + 36 = v, t*k = 3*v - 84 - 42. What is the units digit of v?
0
Suppose -4*g - 17 + 297 = 0. Suppose x + g = 3*x. What is the units digit of x?
5
Let s = -263 + 416. Let u = -90 + s. What is the tens digit of u?
6
Suppose 107*x + 4776 = 3*k + 112*x, 2*k - 3*x = 3203. What is the thousands digit of k?
1
Let r(y) = -y**2 - 11*y + 4. Let p be 23/((6/2)/6). Suppose -3*v - 4*q - 7 = 0, -4*v + 3*q - q = p. What is the tens digit of r(v)?
2
Let i(l) = -2*l + 19. Let c be i(6). Suppose -43 = -4*r - c. What is the units digit of r*(10 + (-4 - 0))?
4
Suppose 4*g + 5*g = -171. Let u = 12 - g. What is the units digit of u?
1
What is the units digit of (-3)/(1/(-2) + (-1212)/(-2472))?
9
Suppose x - 36*x + 28350 = 0. What is the hundreds digit of x?
8
Suppose -s - 3*u + 332 = 0, 3*s + 0*u - 1020 = -3*u. Suppose -2*k = 5*h - s, h + 688 = 4*k - 3*h. What is the units digit of k?
2
Let r = -9 - -12. Suppose 5 = r*x - 4. What is the tens digit of 12*x*(